 base 14, what is 2c9 - -9?
2d4
In base 13, what is b + a?
18
In base 12, what is -442 + -1?
-443
In base 7, what is 13 + 23?
36
In base 14, what is bad + -4?
ba9
In base 16, what is 4 - 763?
-75f
In base 8, what is -43 - -170?
125
In base 15, what is 4e - 2?
4c
In base 2, what is 110011011010 + 1?
110011011011
In base 16, what is c - -392?
39e
In base 14, what is 34 + 1?
35
In base 16, what is -2 - 80?
-82
In base 2, what is -110110100 - -11?
-110110001
In base 2, what is 10010 - -1101110?
10000000
In base 9, what is 173 + -87?
75
In base 14, what is -d60 - 0?
-d60
In base 11, what is 0 + 40aa?
40aa
In base 14, what is 1038 - -b?
1045
In base 3, what is -12210102 + 1?
-12210101
In base 9, what is -12 - -51?
38
In base 8, what is -21 + 1244?
1223
In base 4, what is -3210 - 11?
-3221
In base 3, what is 212111 + -11?
212100
In base 13, what is -19 + -11?
-2a
In base 2, what is -10000010 - -1?
-10000001
In base 2, what is -100000 - 101011?
-1001011
In base 8, what is 5 - 1757?
-1752
In base 11, what is -345 - -4?
-341
In base 7, what is 2 + -3345?
-3343
In base 3, what is 1000010 + 1?
1000011
In base 15, what is -c + 1c?
10
In base 4, what is 2 - -3011?
3013
In base 2, what is 110100010 + -1001?
110011001
In base 10, what is 223 + -2?
221
In base 4, what is 130 + 233?
1023
In base 13, what is -7 + 22c?
225
In base 11, what is 3 + -123?
-120
In base 5, what is 23113 - 2?
23111
In base 13, what is b + -8?
3
In base 16, what is 3a + 6?
40
In base 10, what is 1 + 87?
88
In base 5, what is -21113 + 4?
-21104
In base 13, what is 2 + -24?
-22
In base 11, what is 1 - -593a?
5940
In base 15, what is -bb - 2?
-bd
In base 8, what is -660 - 1?
-661
In base 16, what is 51 - 1?
50
In base 8, what is -3 - 0?
-3
In base 14, what is -148 - 4?
-14c
In base 15, what is 3 - e8?
-e5
In base 3, what is 12 + 10020002?
10020021
In base 14, what is -9 + 11?
6
In base 5, what is -24214 - -4?
-24210
In base 16, what is 72 - 1?
71
In base 8, what is 4 - -17025?
17031
In base 10, what is -9 + 15?
6
In base 7, what is -1 - -20?
16
In base 5, what is 11 - -1000?
1011
In base 2, what is -111010 - -11000?
-100010
In base 12, what is -15b8 - -1?
-15b7
In base 15, what is 48 - -38?
81
In base 9, what is 134 + -31?
103
In base 2, what is 1 + -101010000?
-101001111
In base 10, what is 4 + -622?
-618
In base 11, what is 6 + 2310?
2316
In base 13, what is -27 - -11?
-16
In base 11, what is -271 - -16?
-256
In base 15, what is -3 + 267?
264
In base 2, what is 0 + -10101?
-10101
In base 12, what is -5 - 383?
-388
In base 13, what is -4 - -1a?
16
In base 12, what is -1b82 + -1?
-1b83
In base 8, what is 4 - 35?
-31
In base 16, what is -220 - 1?
-221
In base 3, what is 1122 + 111200?
120022
In base 15, what is 5 - 1c?
-17
In base 2, what is 1011010011 + -100?
1011001111
In base 16, what is 3 - -10b?
10e
In base 9, what is -4 - 3544?
-3548
In base 14, what is -316 - -4?
-312
In base 7, what is -5 - -600?
562
In base 12, what is -a + 183?
175
In base 3, what is 101122210 - -1?
101122211
In base 16, what is -5 + -66?
-6b
In base 8, what is -21 + -3?
-24
In base 11, what is 194 - -1?
195
In base 2, what is 111 + -111?
0
In base 15, what is -41 - -4?
-3c
In base 8, what is 72 + -3?
67
In base 13, what is -1205 + 5?
-1200
In base 10, what is 9 - -29?
38
In base 14, what is 18d0 + 1?
18d1
In base 3, what is -111 - -12210?
12022
In base 5, what is 0 + -22343?
-22343
In base 16, what is -52 - 2?
-54
In base 14, what is 6 + -3?
3
In base 5, what is 3 - -2211?
2214
In base 4, what is -11 + 11201?
11130
In base 10, what is -9 + 39?
30
In base 10, what is -85 - 33?
-118
In base 3, what is -1121 + -1000?
-2121
In base 3, what is 200 - -11122?
12022
In base 12, what is -86 + 7?
-7b
In base 4, what is 1122 - 131?
331
In base 8, what is -256 - -4?
-252
In base 7, what is 4 - -410?
414
In base 16, what is -5 + -37?
-3c
In base 11, what is -11369 - 2?
-11370
In base 3, what is 100 + 101100?
101200
In base 6, what is 3 - -33430?
33433
In base 4, what is -132 - 1?
-133
In base 13, what is 58 - 9?
4c
In base 2, what is 110000110000 - 11?
110000101101
In base 7, what is 1224 + 50?
1304
In base 9, what is -17 + 0?
-17
In base 14, what is -45 - -17c?
137
In base 15, what is 14 + 0?
14
In base 9, what is 1 - -87?
88
In base 8, what is 4043 + -2?
4041
In base 8, what is -4 + 431?
425
In base 4, what is 102 - 20312?
-20210
In base 12, what is 423 - 2?
421
In base 14, what is -21 - 20?
-41
In base 13, what is 363 + -5?
35b
In base 6, what is -5 + 3545?
3540
In base 15, what is 167 + -4b?
11b
In base 12, what is -5a + -1?
-5b
In base 12, what is 3 - -206?
209
In base 6, what is -3 - -542?
535
In base 12, what is 3 - -4a4?
4a7
In base 13, what is -4 + -204?
-208
In base 2, what is -10101 - -101001?
10100
In base 14, what is -c + 4?
-8
In base 2, what is 10110 - 11111000?
-11100010
In base 10, what is 16 + -140?
-124
In base 9, what is 0 - -23?
23
In base 13, what is 23 + -13?
10
In base 15, what is e6 - 3?
e3
In base 5, what is 11 - 12?
-1
In base 13, what is 6 + 2b?
34
In base 3, what is -2112020 - 11?
-2112101
In base 5, what is -1431 - 0?
-1431
In base 13, what is -4 - a2?
-a6
In base 8, what is 5 + 37?
44
In base 16, what is -3 + a7?
a4
In base 7, what is 2 + -4220?
-4215
In base 15, what is 266 - -3?
269
In base 12, what is 6 + 455?
45b
In base 15, what is -4c - 2c?
-79
In base 6, what is 5 + 350?
355
In base 14, what is 3 - 2392?
-238d
In base 8, what is 0 - -1124?
1124
In base 2, what is -101 + -11001?
-11110
In base 8, what is -1 + -17753?
-17754
In base 10, what is 323 - -7?
330
In base 12, what is -90 - 4?
-94
In base 9, what is -14 + 60?
45
In base 7, what is -2 - -100?
65
In base 4, what is 100 + -3?
31
In base 11, what is 6 - -a74?
a7a
In base 10, what is 3 - 13?
-10
In base 13, what is -213 - 5?
-218
In base 13, what is -25 + -5?
-2a
In base 16, what is 3 - 14?
-11
In base 15, what is -a - -22?
17
In base 2, what is 101110 - 1100?
100010
In base 3, what is 210210012 + 12?
210210101
In base 8, what is 56 + 0?
56
In base 4, what is -2323 - 223?
-3212
In base 11, what is -19 - -4?
-15
In base 4, what is -10 + 100?
30
In base 8, what is -24 - 22?
-46
In base 10, what is 10 + -1700?
-1690
In base 14, what is -21 + -10?
-31
In base 3, what is 11 + -11012001?
-11011220
In base 10, what is -3 - 40?
-43
In base 10, what is -11782 + 1?
-11781
In base 14, what is -7 + 55?
4c
In base 2, what is 100111 + -1010000?
-101001
In base 11, what is -12 + -5?
-17
In base 4, what is -313323 + 2?
-313321
In base 6, what is -5 + 11?
2
In base 10, what is 0 - 885?
-885
In base 11, what is 1 + -25?
-24
In base 13, what is 0 - -3c?
3c
In base 9, what is 34 + -11?
23
In base 2, what is -11000 - -101?
-10011
In base 14, what is -aa + 13?
-97
In base 11, what is -220 + 4?
-217
In base 11, what is -5 + 1160?
1156
In base 16, what is -19 - -23?
a
In base 14, what is 5 - -60?
65
In base 3, what is -11 + 20210?
20122
In base 15, what is -4 - 5?
-9
In base 2, what is 1001110 + 110101?
10000011
In base 7, what is 12 - 25?
-13
In base 10, what is -9 - 0?
-9
In base 3, what is -101 + 0?
-101
In base 14, what is -198 - -15?
-183
In base 14, what is -40 + 2?
-3c
In base 11, what is 584 - -2?
586
In base 5, what is -1020212 + 3?
-1020204
In base 15, what is -8 - 65?
-6d
In base 15, what is 0 - -765?
765
In base 2, what is -100 + -10011100?
-10100000
In base 13, what is -3 - 406?
-409
In base 6, what is -153232 + -2?
-153234
In base 14, what is -8b + 4?
-87
In base 10, what is -14 - 235?
-249
In base 6, what is -14 - -20?
2
In base 15, what is -5d + -18?
-76
In base 3, what is 20100 + 10?
20110
In base 15, what is 0 + -1c?
-1c
In base 6, what is -5 - -1505?
1500
In base 7, what is 1 - -345?
346
In base 10, what is 2 - -702?
704
In base 8, what is 215 + 10?
225
In base 6, what is 40 - 125?
-45
In base 9, what is -4 - 7227?
-7232
In base 10, what is -538 + -8?
-546
In base 3, what is 11 - 2112?
-2101
In base 13, what is -9138 + 0?
-9138
In base 3, what is 11220011 - -1?
11220012
In base 15, what is 542 + 5?
547
In base 14, what is -27 - -2?
-25
In base 2, what is 10011001010 + 0?
10011001010
In base 3, what is -10100 + 22?
-10001
In base 16, what is 4 - -5d?
61
In base 11, what is 70 - a6?
-36
In base 14, what is -1 - -16?
15
In base 16, what i